75/21 - (34/(-14) + 3)?
3
Let u(r) = r**3. Let m be u(1). Let k(v) = v**2 - 1. Let s be k(m). Suppose -i - 2*i + 27 = s. What are the prime factors of i?
3
Let x(k) = 2*k**2 + 3*k + 3. Let p(f) = f - 16. Let z be p(11). What are the prime factors of x(z)?
2, 19
Let v(q) = q**3 - 2*q**2 - 5*q + 2. Suppose s - 3 = 1. What are the prime factors of v(s)?
2, 7
Let k(d) = -3*d**2 - 3*d + 4. Suppose -18*u + 3 = -17*u. Let b be k(u). What are the prime factors of b/(3 + -2)*-2?
2
Let c(u) = 6*u**2 - 3*u - 1. Let b be c(3). Let g = b - -94. What are the prime factors of g?
2, 3, 23
Suppose -11 = 2*u - 5*u + w, -4*w = -3*u - 1. What are the prime factors of 137*u/5 - (-1)/(-1)?
2, 17
Suppose -k = 2*h - 7565, h + 2616 - 6401 = -k. What are the prime factors of h?
2, 3, 5, 7
Suppose 4*q - 17 + 5 = 0. Let r be (3/(-9)*0)/q. Suppose r = -3*p - 5*g + 94, 28 = p - 5*g + 10. What are the prime factors of p?
2, 7
Let t = -227 + 434. List the prime factors of t.
3, 23
Let j(z) = 8 - 4 - 3*z**2 + 2*z**2 + 3 - 4*z. Let s be j(-7). List the prime factors of (-10)/35 - 242/s.
17
Let g be (2*-1)/((-13)/26). What are the prime factors of (6/g)/(14/672)?
2, 3
Let k(d) = d**2 + 2*d + 2. Let h be k(-2). Let s be (-5096)/(-39) - h/3. Suppose 5*o = s - 5. List the prime factors of o.
5
Let v(s) = -s**3 + 9*s**2 - 16*s + 14. Let m be v(7). Suppose m = -k + 45 + 87. List the prime factors of k.
2, 3, 11
What are the prime factors of (-3 - -2)*-5 + 4245/5?
2, 7, 61
Let n = 57 - 52. Suppose 3*k - 5*a = 46, -n*k + 4*a + 23 = -45. List the prime factors of k.
2, 3
Let d(q) be the third derivative of 7*q**5/30 - q**4/4 + q**3 + 3*q**2. What are the prime factors of d(3)?
2, 3, 19
Suppose -4*m = -x + 326, -14*x + 9*x + 1750 = 4*m. List the prime factors of x.
2, 173
Let a = 1041 + -468. What are the prime factors of a?
3, 191
Let u(h) = -h. Let r be u(-3). List the prime factors of (-4 - -8 - r) + 111.
2, 7
Let c(m) = 137*m**2 - 117*m - 38. List the prime factors of c(6).
2, 131
Let p = 6738 - 4279. What are the prime factors of p?
2459
Let v be 18 + -1 + 0/(-8 + 3). Suppose 2*x = -v + 117. List the prime factors of x.
2, 5
Let l = -13 - -20. Suppose -3*c - l = 5. List the prime factors of (-6)/c*(-56)/(-12).
7
Let m(n) = -n + 5. Let v be m(0). Suppose 0 = -4*c - 2*d - 6, v*c = -3*d - 5 - 3. What are the prime factors of ((-14)/c)/(20/10)?
7
Let z = 12 - 8. Let g(j) = 2*j**2 - 9*j - 58. Let b be g(-4). List the prime factors of (7 + (z - 7))*b.
2, 5
Suppose 12*c + 2073 = 15*c. What are the prime factors of c?
691
Let z be 53/(-212) + ((-1306)/(-8) - -1). Suppose -2*p = -26 - z. What are the prime factors of p?
5, 19
Suppose 4*r - 7 = 1. Let b be 2/(-1)*(12/(-8) - 5). Suppose r*n - 35 = -b. List the prime factors of n.
11
Let p(o) = o - 5. Let r be p(9). Suppose -2*v = -r*v + 72. List the prime factors of v.
2, 3
List the prime factors of 2/(-36)*-3 - 32390/(-60).
2, 3, 5
Suppose 0*h + 3325 = 4*h - 3*c, 0 = 4*h - 5*c - 3331. Let l = h - 549. Suppose 15*k + l = 20*k. What are the prime factors of k?
2, 7
Suppose -2*l - 3 + 15 = -3*x, -5*l = -x - 43. Let s(a) = a + 35. What are the prime factors of s(l)?
2, 11
Let v(u) = 334*u + 10. List the prime factors of v(9).
2, 13, 29
What are the prime factors of 5*-1 - -529*(-4 + 6)?
3, 13
Suppose 31938 = 11*i + 3800. What are the prime factors of i?
2, 1279
Suppose 34*q = -7*q + 58548. List the prime factors of q.
2, 3, 7, 17
Let w be ((-36)/(-3))/2 - 2. Suppose -v + 53 = -5*f, -3*v - w*f = f - 219. Suppose -4*t - 12 = 4*a - v, 3*a + 23 = 2*t. What are the prime factors of t?
13
Let i(c) = 2*c**2 - 3*c + 9. Let t(d) = d**2 - d. Let p be t(3). What are the prime factors of i(p)?
3, 7
Suppose -5*v - 36 - 136 = 4*g, 4*v = 2*g - 122. Let s = v + 59. What are the prime factors of 6/s - 50/(-18)?
3
Let u(x) = x + 1. Let o(w) = -17 + 5*w - 9 - 16. Let v(c) = -o(c) + 6*u(c). List the prime factors of v(0).
2, 3
Let h(g) = 20*g + 6. Let p be h(7). Let x = p - 25. What are the prime factors of x?
11
Suppose -2*f + 4 = 0, -2*j - 10 = -7*f + 2*f. Suppose -y + 69 + 5 = j. What are the prime factors of y?
2, 37
Let b = 6938 - 3134. What are the prime factors of b?
2, 3, 317
Let v = 116 + -120. List the prime factors of (-2805)/(-20) - ((-13)/v + -3).
2, 5, 7
Let g = 5 - 0. Let f be -2 + g - (0 - -1). Suppose 0 = -r - t + 15, -f*r - t - 3*t = -40. List the prime factors of r.
2, 5
Suppose 1 = -2*g - x - 0*x, 2*x - 7 = 5*g. Let w be -3 + (4 - -22) - g. Suppose 2*u + 16 = 4*p + 4, -4*p = u - w. What are the prime factors of p?
5
Let b(j) = -3*j**3 + 5*j**3 - 3*j**3 + 4 + 0*j - 3*j**2 + j. Let n be b(-3). What are the prime factors of -2*((-6)/2 - n)?
2
Suppose n + 5*u - 76 = 58, -4*n + 3*u + 559 = 0. List the prime factors of n.
139
Suppose 0 = -u + 1 + 60. List the prime factors of u.
61
Let w(n) = 79*n - 41*n + 4 - 28*n - n**2. Suppose 3*j + 13 = 2*s - 0, 0 = -2*s - 4*j + 20. List the prime factors of w(s).
2, 5
Let a = -230 + 340. List the prime factors of a.
2, 5, 11
Let z be 4 + (-19)/4 + 25/(-4). List the prime factors of ((-1)/z)/1 - (-2305)/35.
2, 3, 11
Let o(x) be the third derivative of x**6/120 + x**5/15 - x**4/4 - x**3/6 - 8*x**2. Let m be o(-5). List the prime factors of (13/2)/(m/48).
2, 3, 13
Let l be (-7)/14*(-25 - -1). Suppose l*i - 10*i = 10. Let w(a) = 3*a - 7. List the prime factors of w(i).
2
Let c = 1000 - -263. What are the prime factors of c?
3, 421
Suppose c = 2*c - 5*l - 707, -l - 3439 = -5*c. List the prime factors of c.
3, 229
What are the prime factors of 3/(-2)*(-11800)/30?
2, 5, 59
Suppose 3*s - 2*s = -3*a + 41, a = -3*s + 3. Let t = a - -21. What are the prime factors of t?
2, 3
Let u(q) = -300*q + 1. Let l be u(-1). Let h = -94 + l. Suppose -5*m = t - 22 - 14, -h = -5*t + 2*m. What are the prime factors of t?
41
Let w be (0/(-3))/(-2) - -8. Suppose 0 = 2*u - 5*d + w*d - 12, 0 = -d. Suppose 0 = -4*p - 2*l, l = -3*p + u*l + 26. What are the prime factors of p?
2
Suppose -7*u - 4 = -25. Let t(k) = -k + 8. Let g be t(u). Suppose 0 = g*f - 220 - 110. List the prime factors of f.
2, 3, 11
Suppose 4 = 8*g - 4. What are the prime factors of -33*(-4 + g)/3?
3, 11
Suppose 0 = 9*r - 45 - 2691. What are the prime factors of r?
2, 19
Let c(d) be the third derivative of d**4/8 + d**3/6 - d**2. Let b be 248/64 + (-1)/(-8). What are the prime factors of c(b)?
13
What are the prime factors of (((-15)/(-9))/((-6)/(-4734)))/1?
5, 263
Suppose 0 = 5*z + 3*r - 558 - 1129, 5*r = -5. What are the prime factors of z?
2, 13
Let x be -204 + -5 + -4 + 4. Let v = -84 - x. What are the prime factors of v?
5
Suppose 8 = -0*c + 2*c + 2*k, -2*k - 12 = -3*c. Suppose -3*a = -c*n - 267, -a + 2*n + 89 = n. What are the prime factors of a?
89
Let c(k) = 82*k - 195. List the prime factors of c(5).
5, 43
Suppose -v - 5*t - 5 - 11 = 0, 4*v + 2*t = 8. Suppose -511 - 309 = -v*a. What are the prime factors of a?
5, 41
Let j(x) = -x**3 - 7*x**2 - 2. Let r be j(-7). Let f be (r - -76)/((-3)/(-15)). List the prime factors of 56/70*f/4.
2, 37
Let g be 1*(-1 + 2 + -1). Suppose 6 = -g*f + 2*f + 5*d, -d + 2 = 0. Let u(a) = 6*a**2 + a - 2. What are the prime factors of u(f)?
2, 5
Let v = 6819 - 3961. List the prime factors of v.
2, 1429
Let t be (2 - 5)*12/(-9). Let s(f) = f**3 - 3*f**2 + 9*f - 6. List the prime factors of s(t).
2, 23
Let b(a) = -a**2 + 3*a - 10. Let s be b(6). Let f = s + 33. Suppose -6*n + f*n = -44. List the prime factors of n.
2, 11
Let o be (-28)/154 - (-180)/22. Let i(c) = -c**3 + 7*c**2 + 10*c - 10. Let y be i(o). Suppose 120 = -2*x + y*x. List the prime factors of x.
2, 3, 5
Let v(g) = g**2 + 3*g - 2. Let b be v(2). Let n(q) = -8*q - b - q**2 - 12*q + 0 + 8*q. What are the prime factors of n(-11)?
3
Let u(z) = z**2 - 6*z - 21. Let a be u(9). Suppose h - 10 = -a. Suppose k + k = -h*p + 220, -p = 3*k - 60. List the prime factors of p.
2, 3
Let o be 186/(-10) - (2 + (-48)/30). List the prime factors of o/38 + 315/2.
157
Let f(l) = 0 - 11*l - 7 + 5 + l**2. Let h be f(11). What are the prime factors of 41 + h*6/4?
2, 19
Suppose k - 25 = -k - 5*i, -15 = k - 3*i. List the prime factors of 1 + 1/1 + k.
2
Let y(w) = 7*w**2 - 8*w - 1. Let l(h) = -15*h**2 + 17*h + 2. Let c(r) = 6*l(r) + 13*y(r). Let g be (7 - 18/3)*(3 - 0). What are the prime factors of c(g)